*a. List the prime factors of a.
3, 19
Let u(q) = 114*q**2 - 75*q + 324. Let l(w) = 38*w**2 - 25*w + 108. Let x(i) = 7*l(i) - 2*u(i). List the prime factors of x(4).
2, 7, 11
Let q = -823 + 13585. What are the prime factors of q?
2, 3, 709
Let r(l) = -162*l + 36. Let w(k) = -810*k + 181. Let p(i) = -11*r(i) + 2*w(i). List the prime factors of p(3).
2, 113
Let v be (-1)/3*-21 - -3. Suppose v*f = 11*f. Suppose -q - 5 = -f*q - 4*u, -5*q = 5*u - 75. What are the prime factors of q?
11
Suppose -782 = -4*s + 814. Let j be -2 + (2 - 1) - s/(-3). Let x = -32 + j. List the prime factors of x.
2, 5
Suppose 9675 + 35861 = 20*z + 5956. What are the prime factors of z?
1979
Let z = -6687 + 20866. List the prime factors of z.
11, 1289
Let u(m) be the second derivative of 13*m**4/2 - 2*m**3/3 - m**2 + 4*m. Let r be u(-1). What are the prime factors of r - 2*(-4)/(-8)?
79
Let j(g) = -g**3 - 11*g**2 - 2*g - 9. Let s be j(-14). Suppose 3904 + s = 13*y. What are the prime factors of y?
347
Let y = 4283 + -3880. What are the prime factors of y?
13, 31
Suppose -2*u - 85 = -4*u + 5*o, 0 = -3*u - 3*o + 117. Let l = u + -37. Suppose -l + 395 = 7*k. List the prime factors of k.
2, 7
Let c be (-8)/20 + (-24)/40. What are the prime factors of (252/7)/(c/(101/(-2)))?
2, 3, 101
Suppose -4*y - 376230 = -5*q, -776 = 2*y - 786. What are the prime factors of q?
2, 5, 7, 43
Let n(h) = 2*h**2 - 4*h + 1. Suppose 0 = 5*j - c + 19, 3*j - 6*j + 3*c - 21 = 0. Let r be n(j). Suppose 0 = 2*g - 135 - r. What are the prime factors of g?
83
Let k = 3068 - -1341. What are the prime factors of k?
4409
Let q = -76809 + 109641. List the prime factors of q.
2, 3, 19
Let n = 6831 - 3817. List the prime factors of n.
2, 11, 137
Suppose -l - 4 + 0 = 5*y, 0 = y + 2*l + 8. Suppose -2*p + p - p = y. Suppose p*s = 4*s - 700. List the prime factors of s.
5, 7
Let b(q) = 418*q**2 + 11*q + 2. Let h be b(2). Suppose -175*f = -173*f - h. What are the prime factors of f?
2, 53
Let u = -3258 - -11222. List the prime factors of u.
2, 11, 181
Let d be (7 - 2)*(-74 + -42). Let c = d - -1033. List the prime factors of c.
3, 151
Let b(p) = -p**3 + 16*p**2 + 6*p - 85. Let k be (-8)/(35/14 + -3). List the prime factors of b(k).
11
Suppose 39*o + 23594 = 48*o - 33601. List the prime factors of o.
5, 31, 41
Suppose -18*t - 1434 = -15*t. Let x = t + 1470. What are the prime factors of x?
2, 31
Let y be 1 + -2 + -3 - 0. Let g be y - -8 - 14*60/(-3). Let h = g - 167. What are the prime factors of h?
3, 13
Let i(y) = -86*y + 839. What are the prime factors of i(-33)?
3677
Suppose 0 = -3*f - 66 + 111. Suppose f*r + 2*r = 12835. List the prime factors of r.
5, 151
Suppose 24*g - 238410 = 102832 + 45206. What are the prime factors of g?
2, 83, 97
Suppose 37608 = 4*z + 4*o, 325*z - 322*z = 2*o + 28166. What are the prime factors of z?
2, 7, 11, 61
Suppose 0*z + 4*z = -60. Let v be 2*6/4*(z + -40). Let o = 354 + v. List the prime factors of o.
3, 7
Let w(c) = -14*c - 10*c + 0*c - 6*c - 5 + 10*c**2. What are the prime factors of w(5)?
5, 19
Let t(n) = -37*n**2. Let i be t(1). Suppose 0 = -12*p + 14*p + 182. What are the prime factors of 26/p - i/7?
5
Let f(n) = 193*n**2 - 76*n - 967. List the prime factors of f(-19).
2, 5, 23, 61
Let q(r) = 35*r**2 - 2*r + 1. Let o be q(1). Let m = -133 + 119. Let y = m + o. What are the prime factors of y?
2, 5
Let o be (4 - (-146004)/21) + (-16)/28. Suppose 7*s + 2644 = o. What are the prime factors of s?
2, 7, 11
Let c = 511 + -509. Suppose 0 = -3*v - 6*j + 8*j + 2329, 771 = v - c*j. What are the prime factors of v?
19, 41
Suppose 0 = 462*p - 461*p - 6251. What are the prime factors of p?
7, 19, 47
Let d = -9354 + 6252. What are the prime factors of d/(-36)*1 - (-1)/(-6)?
2, 43
Suppose 219509 + 403591 = 64*r + 226044. List the prime factors of r.
2, 3, 11, 47
List the prime factors of (-51)/221 - 6142/(-26).
2, 59
Let n be (-3 + 18/5)/((-3)/15). Let f be 2/(-3)*-6 - (-1 - n). Suppose -f*p - 5*o = -4*p + 249, 0 = p + o - 114. What are the prime factors of p?
3, 13
Let r(f) = -f**2 - 135 + 343*f**3 - 3*f**2 + 14*f - 341*f**3 + 32. What are the prime factors of r(9)?
13, 89
Suppose 0*a = 53*a - 173628. Suppose 66*c = 75*c - a. What are the prime factors of c?
2, 7, 13
Let k = -4315 - -9205. What are the prime factors of k?
2, 3, 5, 163
Let t(r) = -3 - 9 - 25 + 13*r + 4*r**2 - 35*r. What are the prime factors of t(12)?
5, 11
Let l be ((-10)/(-6))/(1 - 33/36). Let m = 25 - l. List the prime factors of (10/(-2))/((15/(-9))/m).
3, 5
Let n(u) = -317*u + 1998. What are the prime factors of n(-91)?
5, 31, 199
Let c be (-5 - -2)/((-60)/160). Suppose c*t = 11947 - 2467. What are the prime factors of t?
3, 5, 79
Let v be (((-135)/(-10))/(-9))/((-6)/(-8)). Let m be -18*(-1 + v/(-3)). What are the prime factors of (68/5 - m/(-2))*5?
83
Let u(s) be the third derivative of 3*s**5/10 - s**4/3 + s**3 - 57*s**2. What are the prime factors of u(3)?
2, 3
Suppose 3*k = -5*l + 87053, -4*k - 46*l + 45*l = -116065. What are the prime factors of k?
2, 3, 13, 31
Let t = 33681 - 13006. What are the prime factors of t?
5, 827
Let r = 13 - 8. Suppose -r*z + 500 = -5*h, z - 2*h - 108 = h. Suppose -81 = -3*c + z. List the prime factors of c.
59
Suppose -5*f - 3 = 3*g - 4, 0 = -3*g + 6. Let i(h) = h**3 + 4*h**2 + 2*h + 16. Let t be i(-4). What are the prime factors of (t/5)/(6/345) + f?
7, 13
List the prime factors of (-56)/98 + (46181/(-2))/((-14)/8).
2, 3, 733
Suppose 6*g = 8*g + 16. List the prime factors of g - -3 - (-214 - -2).
3, 23
Suppose 4*f = -0*f - 2*t - 42, 2*f = -2*t - 24. Let a = -12 - f. List the prime factors of -2 + (-203 - -2)/a.
5, 13
Suppose 2*r = 3*x - 1 - 2, -4*r + 2*x = 2. Let u be -3 + (-7)/((-21)/54). Let c = u + r. What are the prime factors of c?
3, 5
Suppose -4*x + 2*s - 1 = -7, -s = 3*x + 3. Suppose -v + 1 - 5 = x. What are the prime factors of (46/v)/(3/(-12))?
2, 23
Let c = 2103 + 15. Let j = -1387 + c. What are the prime factors of j?
17, 43
Let y = 43 - 58. Let w be (-14 - y)*((2 - -1) + 2). Suppose -420 = -4*c - 0*c + 4*h, 0 = -h - w. List the prime factors of c.
2, 5
Let s(w) = w**2 + 13*w + 44. Let v be s(-8). Let p = 98 - -1. Suppose 2*r = -v*u + 323 - p, 3*r - 4*u = 306. List the prime factors of r.
2, 53
Suppose 104 = 2*i + 54. Let z(r) = 2*r**2 - 3*r + 9. What are the prime factors of z(i)?
2, 37
Let g(t) = -41*t - 18. Let j = 96 + -89. Let y be g(j). Let p = y + 459. What are the prime factors of p?
2, 7, 11
Suppose 34 - 19 = 5*g. Suppose 4*d - 2837 = -3*n, -5*d + g*n - 6*n = -3547. What are the prime factors of d?
2, 5, 71
Suppose 4*x = -m + 2, -8*x - 5 = -3*x + 5*m. Suppose -f - x = -3*l, -8 = -4*l + 4. What are the prime factors of (0 + 334/f)/((-2)/(-8))?
167
Suppose -2*j + 3116 - 326 = 4*s, -1401 = -2*s + 5*j. List the prime factors of s.
2, 349
Let x be ((-132)/18 - -7)/((-2)/6876). What are the prime factors of x - -23 - 8*-1?
11, 107
Suppose -5*c + 5 = 5*n, 11*c = 13*c + 10. Suppose s + 539 = -4*r + 1676, 0 = 3*s + 9. Suppose h = n*h - r. What are the prime factors of h?
3, 19
Let o be (-2)/(-40)*4 - 58/(-10). Suppose o*l - 8 = 22. Suppose 0 = 5*f + l, -3*m - 2*f - 2*f = -74. List the prime factors of m.
2, 13
Let p(i) = 2*i**2 + 53*i - 6. Let x be p(-27). Let r = 30 - x. What are the prime factors of (-2)/r + (-7 - 2096/(-36))?
3, 17
Let f(n) be the second derivative of 28*n + 0 + 1/3*n**3 + 7/6*n**4 - 3*n**2. What are the prime factors of f(3)?
2, 3, 7
Let o(r) = r**2 + 10*r. Let g be o(-10). Suppose 9*k - 12*k + 324 = g. Suppose -3*z + 57 = -k. List the prime factors of z.
5, 11
Suppose 15 = 5*c, -28*c = 2*a - 24*c - 17564. List the prime factors of a.
2, 1097
Let l = 77090 + -47666. What are the prime factors of l?
2, 3, 613
Let o be (-27)/6*(-54)/(-81) - 39. Let n(i) = 2*i**2 + 5*i + 3. Let m be n(4). Let z = o + m. List the prime factors of z.
13
Suppose 2*c + 3*c + 0*c = 0. What are the prime factors of (c - -1 - -2) + (194 - -13)?
2, 3, 5, 7
Let b = 32984 + -19657. What are the prime factors of b?
13327
Suppose -4*z - 6*n = -7*n - 13, 4*z + n - 3 = 0. List the prime factors of (-11)/(-11) + (z - -949).
2, 7, 17
Let q(u) = 2*u**2 + u + 8. Let i be q(-4). Suppose -4*n + i = 8*n. Suppose 4*w + n*m - 4*m = 1017, m = -4*w + 1015. What are the prime factors of w?
2, 